0*j**2 - 1/120*j**6 + 4/3*j**4. What are the prime factors of w(24)?
2, 3, 11
Let x(i) = i**2 + 4*i + 6. Let v be x(-6). Suppose f + 2 = -2*y + v, -2*f + 23 = 3*y. What are the prime factors of y?
3
Suppose -9*i + 2*i + 224 = 0. Suppose -t - 3*w = -2*t + i, 3*w + 102 = 3*t. Suppose 5*m + 3*s - t = 2*s, -2*m = 4*s - 14. List the prime factors of m.
7
Let v(m) = -m**2 - 3*m - 1. Let l(b) = 6*b**2 + 6*b - 1. Let q(f) = l(f) + 5*v(f). Let y(n) = -n**2 + 9*n - 5. Let h be y(6). List the prime factors of q(h).
2, 23
Suppose -9 = -2*r - 3*n, -5*r - 3*n - 2*n + 20 = 0. Let b be ((-6)/(-28))/((-30)/80)*-7. What are the prime factors of (r - b)*-34*2?
2, 17
Let x = 634 - 505. Suppose -6*y - x = -735. List the prime factors of y.
101
Suppose -59 = -11*b + 62. Suppose 7*i + a - 18 = 4*i, 2*a = -i + b. Suppose -i*u - 2*u + 357 = 0. List the prime factors of u.
3, 17
Let k = -28 + 10. Let r = 235 - k. What are the prime factors of r?
11, 23
What are the prime factors of (-780)/260*(-4946)/6?
2473
Let t(i) = i**2 + 6*i + 9. Let v(p) = p + 3. Let k be v(-8). Let b be t(k). Suppose -138 = 2*d - b*d. List the prime factors of d.
3, 23
Suppose 73*h - 66*h - 20440 = 0. Suppose -i = 5*x - 382 - 202, -2*x - h = -5*i. What are the prime factors of i?
2, 73
Let c be 33/(-2)*-1*96/9. Let v be (c - 18) + 0/(-2). Let m = 226 - v. What are the prime factors of m?
2, 17
Suppose -11*p = 10*p - 227136. Suppose p = -112*n + 125*n. What are the prime factors of n?
2, 13
Suppose -51*w + 92667 + 210171 = 0. List the prime factors of w.
2, 2969
Let q be 1 + 3/6 + 6429/(-6). Let o = -600 - q. What are the prime factors of o?
2, 5, 47
Let c(k) = 4*k + 50. Let d be c(-13). List the prime factors of (d/1 + (-39 - 0))*-13.
13, 41
Let n be 6 - (-5 + 10 + -3). Let k(i) = 5*i**3 + 4*i**2 - 4*i + 29. List the prime factors of k(n).
397
Let y(k) = 2769*k**2 + 107*k + 209. What are the prime factors of y(-2)?
11071
Suppose 19 = -x + 3*h, 4*h + 128 = -5*x - 43. Let i = x - -33. Suppose 4*a + i*v - 402 = 0, 0*v = -2*v + 10. List the prime factors of a.
2, 7
Let u(y) = 56*y**2 - 40 + 460*y - 228*y - 215*y. List the prime factors of u(3).
5, 103
Let x = -7 - -7. Let c be 23 + 25/5 + 6. Suppose x = -2*s + c + 162. What are the prime factors of s?
2, 7
Let m be ((-540)/50)/(3/(-80) + 0). Let p = m + -83. Suppose 2*w = -3*w + p. What are the prime factors of w?
41
Suppose k - 599 = -3*y + 44266, -2*y + 29910 = -4*k. What are the prime factors of y?
3, 5, 997
Suppose 0 = 7*g + 956 - 4701. Suppose -2*h + x = -308, 4*h - 71 = -3*x + g. List the prime factors of h + -1 - (-4)/(-4).
151
Suppose -h = -0*h + 1, 74 = -3*w + h. Let p = -26 - w. What are the prime factors of (7 - -3)*p/(-2)?
5
What are the prime factors of (-3)/30 + 7753349/190?
13, 43, 73
Let t = 96 - 90. Suppose -t*g + 2957 - 227 = 0. What are the prime factors of g?
5, 7, 13
Let v be (-15)/4*(-4)/3. Suppose -v*f + 144 = -41. Suppose -5*p = -33 - f. What are the prime factors of p?
2, 7
Suppose 3*g - 5*u - 7326 = 32650, 53316 = 4*g - 3*u. List the prime factors of g.
2, 3, 11, 101
Let z be (4/(-6))/((5/3)/(-5)). Let n(s) = 2 + 27*s**2 + 0*s + s**3 - 3*s + 5*s**z - 5*s**2. What are the prime factors of n(-27)?
83
Let y(n) = 3*n**2 - 2*n**2 - 4310*n + 4283*n - 63. What are the prime factors of y(34)?
5, 7
List the prime factors of 5304*(-13 - (616/(-24) + 3)).
2, 13, 17, 29
Let n be (10 - 3)*(-2)/(-2). Let s(y) = 8*y - 5 + 0*y**2 - y**2 + n*y - 2*y. What are the prime factors of s(5)?
5, 7
Let v(f) = f**3 - 53*f**2 - 166*f + 39. List the prime factors of v(58).
7, 1033
Let y(u) = -u**3 - 2*u**2 - 2*u - 2. Let n be y(-2). Suppose -74 = -n*k + 62. Suppose 2*h + 3*b - k = 0, -6*h + h + b = -153. List the prime factors of h.
31
Let u = 590 - 375. Let i = u + -12. List the prime factors of i.
7, 29
Let l(y) = 4*y**2 - 114*y + 777. List the prime factors of l(102).
3, 5, 7, 293
Let b = -25 - -29. Suppose -2*t = b*u + 10 - 0, -4*t = -20. List the prime factors of 37 + 1*u/(-5).
2, 19
Suppose 2323*n = 2334*n - 42372. List the prime factors of n.
2, 3, 107
Let y(f) = -6712*f + 332. What are the prime factors of y(-1)?
2, 3, 587
Suppose 987*y + 196 = 994*y. Suppose -y*u - 2*u = -8970. List the prime factors of u.
13, 23
Suppose 2*w = -5*j + 90062 + 25571, -3*w + 46262 = 2*j. List the prime factors of j.
5, 37
Let s(y) be the second derivative of -y**3/6 + 9*y**2/2 - 6*y. Let r be s(5). Suppose -2*d + v = -r*v - 136, -5*v = 2*d - 96. List the prime factors of d.
2, 29
Let m = -87 + 52. Let v = m - -37. Suppose -4 = -c + v*c, -i + 137 = 5*c. List the prime factors of i.
157
Suppose 4*a - 4*i - 12727 = 22565, -2*a = i - 17646. List the prime factors of a.
3, 17, 173
Suppose -4*i + 10 = -z, 5*z - z + 1 = 3*i. Let g(a) = 0*a + i*a**2 - 9*a + 4*a - 4*a - 6. What are the prime factors of g(8)?
2, 3, 19
Let q(g) = 120*g**2 + 14*g + 6. Let f be ((-3)/4)/(78/312). What are the prime factors of q(f)?
2, 3, 29
Suppose 491 = -j + 402. Let h be (54/(-21))/((-4)/28). Let y = h - j. List the prime factors of y.
107
Suppose 16785 = -8*i + 49256 + 49105. List the prime factors of i.
3, 11, 103
List the prime factors of -3 + (5697/6)/((-3)/(-28)).
3, 2953
Let w be -1 + (9 - -4 - 1*-4). Suppose 21*r - 35594 = -w*r. What are the prime factors of r?
2, 13, 37
Let d be (-77)/(-5) - (32/20)/4. Suppose 0 = d*m - 5*m - 3190. Suppose -s + 4*w = -235, 3*s + w = 425 + m. List the prime factors of s.
13, 19
Let j = 303 - -749. Suppose -4*i = -4*g - j, 0 = 2*i - 0*i - 10. Let u = g - -365. List the prime factors of u.
107
Let z(h) = 1161*h**2 - h + 27. What are the prime factors of z(7)?
56909
Let a(l) be the second derivative of -19/2*l**2 + 27*l + 7/6*l**3 - 1/2*l**4 + 0 - 1/20*l**5. What are the prime factors of a(-8)?
53
Let a = -7 - -3. Let f(w) = w**3 + w**2 + w - 3. Let v(q) = -6*q**3 - 6*q**2 - 11*q + 19. Let b(k) = 4*f(k) + v(k). List the prime factors of b(a).
131
Let p(i) = 41*i**2 + 2 + 92*i - 31*i - 62*i. What are the prime factors of p(-4)?
2, 331
Let b = 56780 + -37744. What are the prime factors of b?
2, 4759
Let v be 0 + ((-85842)/72 - 1/(-4)). Let r = v - -1720. List the prime factors of r.
2, 3, 11
Let c(r) = 4082*r**2 - 6*r + 15. What are the prime factors of c(3)?
3, 5, 31, 79
Suppose -9226 = -3*n - 2*t, 4*t - 1 - 7 = 0. Suppose 19*q + 1041 = n. List the prime factors of q.
107
Suppose -5*f + 13585 = -6*q, 16*q = -2*f + 11*q + 5471. What are the prime factors of f?
7, 389
Let w(b) = -4*b**2 - 26*b - 8. Let k be w(-6). Let h be k/(12/1047) - -1. Suppose -3*d + h = 4*d. What are the prime factors of d?
2, 5
Suppose -54 = -2*z - 128. What are the prime factors of z + 37 + (1 - -1427)?
2, 3, 7, 17
Let x(z) = 227*z**2 - 5*z - 18. List the prime factors of x(-3).
2, 3, 5, 17
Let j(u) = u**3 - 16*u**2 - u - 8. Let n(g) = 2*g**3 + g**2 - g - 2. Let k be n(2). Let v be j(k). Let z(q) = -q**2 - 34*q + 4. List the prime factors of z(v).
2, 61
Suppose 4*c - 5*z = 5*c - 11, 0 = 2*c - 3*z - 35. Suppose 0 = -11*a + 7*a + c. Suppose -3*n + 131 = a*o, 2*o - 81 = -2*n + 3. What are the prime factors of n?
37
Suppose 2*d + 4*u - 24 = 0, 5*u = d - 5*d + 36. Suppose 0 = 8*t - d*t - 8. What are the prime factors of 160 + t + 0 + 1?
163
Let o(k) = -4*k**3 - k**2 - 3*k - 1. Let u be o(-1). Let y be 1147/u - (-2)/(-5). Let b = y - 57. List the prime factors of b.
2, 43
Let u = 12097 - 5045. List the prime factors of u.
2, 41, 43
Let m = 823 + -817. Suppose 23*i - 1190 = m*i. What are the prime factors of i?
2, 5, 7
Suppose -389 = -8*w + 435. Suppose -5*c - 211 = 49. Let i = c + w. List the prime factors of i.
3, 17
Let v(u) = -4*u**3 - 21*u**2 - 100*u - 97. What are the prime factors of v(-19)?
2, 7, 13, 17
Suppose -5*m = -2*j - 14, -2*j = -4*m - 7 + 17. Let w(b) = b + 0*b - 8 + m*b. What are the prime factors of w(5)?
17
Let d(f) = -f**3 + f**2 + 167*f + 167. List the prime factors of d(-1).
2
Suppose -2*l + 11900 = -5*i - 15748, 6 = -3*i. List the prime factors of l.
13, 1063
Let q be -4*(105/(-10) - 3). Suppose 3*g - 753 = -2*i, -51*i + q*i - g - 1113 = 0. List the prime factors of i.
2, 3, 31
Suppose f - 25 = -10. Suppose -7*x = -4*x - f. Suppose -389 + 109 = -x*m. List the prime factors of m.
2, 7
Let o = -338 + 638. Suppose -s - 380 = -4*b - 0*s, -3*s + o = 3*b. Let n = b 